6*s + 3*g - 54 = 0. Let h = -11 + 14. Suppose 0 = -4*t + h*n + 93, n = 2*n - 1. What is the greatest common factor of t and s?
24
Let c(f) = 32*f - 3. Let x be c(4). Let h(k) = k**2 + 47*k - 101. Let q be h(-49). Let u = x - q. Calculate the highest common divisor of 32 and u.
32
Suppose -3*r = y - 4*r + 2, -4*y - r = -17. Let t = 44 + -41. Suppose 3*p - 33 - 24 = 3*o, t*p - 61 = o. Calculate the highest common factor of y and p.
3
Let y be (-3 - 0)*82/(-6). Let h be (((-315)/14)/45)/(5/(-406 - 4)). Calculate the highest common factor of h and y.
41
Suppose -3*k - 2*k - 3*s = -296, s = 5*k - 308. Let j = 3976 - 3974. Suppose -5*b + m + k = -j*b, -4*m = -8. Calculate the greatest common factor of b and 189.
21
Suppose 533 + 19595 = 32*l. Calculate the highest common divisor of l and 17.
17
Suppose -j + 5*h - 36 = -3*j, -2*j - 20*h + 60 = 3*j. Let u = 836 - 542. Let m be (-2 + (-16)/(-6))*u. What is the highest common divisor of m and j?
28
Let d(o) = 4*o**3 + 53*o**2 - 25*o - 54. Let g be d(-10). What is the highest common factor of g and 286?
22
Let z be 4/10 + (-230)/(-50). Suppose -31 = -3*x + z. Suppose -v = 2*v - x. What is the greatest common factor of v and 12?
4
Suppose 320 = 5*j - j. Suppose 11*g - 40 = -4*u + 10*g, 2*u = 5*g + 20. What is the highest common factor of u and j?
10
Let u be (0 + 1)*(-4 + 2)*-2. Suppose 3*i - u*t = 2 - 4, -4*t + 50 = 5*i. Suppose 7*d - i*d - 19 = 0. What is the greatest common divisor of d and 19?
19
Let w = -1943 + 8775. Calculate the greatest common divisor of 98 and w.
14
Let x(i) = -i**2 + 6*i + 7. Let a be x(5). Let h be (88/6)/(a/18). Let p = 1716 - 1714. Calculate the greatest common factor of h and p.
2
Let n(w) = -w + 125. Let r be n(-7). Let v = r + 309. Calculate the greatest common divisor of v and 21.
21
Let m(a) = a**2 + 4*a + 6. Let t be m(-4). Let x be (10/10)/((-4)/(-8)). Let g be 6/(x*(3 - 5)/(-12)). Calculate the highest common factor of g and t.
6
Let g be ((-15)/(-10))/(2/(-4)) - -7. Suppose 11*k - g*k = 42. Calculate the highest common divisor of 51 and k.
3
Suppose 4*k + 378 = -0*z + 5*z, -4*z - 5*k + 327 = 0. Suppose -f + 1820 = 13*f. What is the greatest common divisor of f and z?
26
Let g(v) be the third derivative of v**5/20 - 11*v**4/24 - 19*v**3/6 - 14*v**2. Let m be g(-2). What is the highest common divisor of m and 435?
15
Let m = 12 - 7. Suppose -m*n + 8*n = 78. Let c = 103 + -90. What is the greatest common factor of c and n?
13
Let g = 93066 - 35229. Calculate the highest common divisor of 39 and g.
39
Let u(z) = -210*z. Let d be u(-1). Suppose 2*p - 3*i = 28, -i = -5*p + 10289 - 10258. Calculate the greatest common divisor of p and d.
5
Suppose 2*v - 6244 = 4*f, -v - 2*f + 0*f = -3122. What is the highest common divisor of 14 and v?
14
Let o be (-5)/(-20)*-4*-20. Suppose 4*x = -w + 26, -2*w = o*x - 25*x - 78. What is the highest common divisor of w and 4?
2
Let h(w) = 1397*w - 217. Let g be h(4). Calculate the greatest common divisor of 262 and g.
131
Let k be -4 + 1 - (-41 + -7). Let l be ((-8)/((-32)/k))/((-2)/(-24)). Suppose 29*y + l = 32*y. Calculate the greatest common factor of 135 and y.
45
Suppose -6*n = -13*n + 2961. Suppose -3*u = 3 + 6, 3*i - 3*u - n = 0. What is the greatest common factor of i and 6?
6
Suppose -3*p + 2*r = 2*p - 25, 0 = 4*r - 20. Suppose 4 + 45 = p*z. Suppose 32 = -5*h + 207. Calculate the greatest common factor of h and z.
7
Let p(g) = g**3 - 17*g**2 + 579*g - 11712. Let k be p(19). Let w = -3 + 6. Suppose w*s + 2*s = 440. Calculate the greatest common divisor of s and k.
11
Suppose 3*g = 4*x + 388, -190*g + 192*g = -3*x + 287. Calculate the greatest common factor of g and 1768.
136
Let d = 350 + -347. Let n(x) = -x**3 + 4*x**2 + 5*x - 19. Let b be n(d). Let o = 44 + -19. What is the highest common divisor of o and b?
5
Let g be (-1016)/(-20) - 40/50. What is the highest common divisor of 110 and g?
10
Let g be 8/(-28) + -4*-13*3351/28. What is the greatest common factor of 98 and g?
49
Let k = -117 + 208. Suppose -n + p + 17 - 64 = 0, 0 = 4*n + 2*p + 206. Let f = 76 + n. What is the highest common factor of k and f?
13
Let p be 4*6/(-48)*0. Suppose -28*z = -25*z + 5*u - 67, p = -5*z - 4*u + 116. Calculate the greatest common divisor of 60 and z.
12
Let m be (-18)/24*(11 - -1). Suppose 139*y + 42 = 125*y. Let s = y - m. Calculate the highest common factor of s and 12.
6
Suppose -5*c + 5*b = 5715, 127*c + 3*b - 5725 = 132*c. Let i = -1135 - c. Suppose -2*x + 7*x = 195. Calculate the highest common factor of i and x.
13
Let p(b) = -34*b**3 - b. Let v be p(-1). Let z(c) = 4*c**2 + 81*c - 28. Suppose 87 = -6*u - 39. Let k be z(u). What is the highest common factor of k and v?
35
Let b = 3296 + -3242. What is the highest common factor of 3456 and b?
54
Let m = 34 - 32. Suppose -4*t = 3*u - 88, 2*u = -m*u - t + 100. Suppose -8*d + u = -5*d. Calculate the highest common factor of 64 and d.
8
Suppose -6 + 1 = 5*y. Let z be (282 + 1)*(y + 0). Let o = z + 404. What is the greatest common factor of 11 and o?
11
Let f = -5356 - -11817. Calculate the greatest common divisor of f and 71.
71
Let i be (147/4 - 5/10)*(-72)/(-9). Calculate the highest common divisor of i and 14.
2
Let l(o) = 2*o**2 - 6*o - 1. Let z be l(6). Suppose -747 = -55*h - 571 + 979. Calculate the highest common factor of z and h.
7
Suppose -46*z = -54*z + 488. Calculate the highest common divisor of 9089 and z.
61
Let g be (-30969)/(-12) + 3/(-4). Calculate the highest common factor of g and 15.
15
Suppose -b - 4*f + 241 = 0, 4*f = 6*b - 4*b - 506. Let d = -181 + b. What is the greatest common factor of d and 51?
17
Let h(k) = -277*k**3 - 7*k**2 - 41*k - 84. Let r be h(-3). What is the highest common divisor of 21 and r?
21
Let s(x) = -x**2 + 95*x - 2152. Let h be s(56). Let t be -2 + (2 - 288/(-1)). What is the greatest common divisor of t and h?
32
Suppose 0 = 53*j - 51*j - 6. Suppose 0 = -j*m + 54 + 126. Calculate the greatest common divisor of 420 and m.
60
Suppose -148 = -10*c + 6*c. Suppose -2*i = c - 75. Suppose -i = -3*w - r + 751, -1270 = -5*w + 5*r. What is the highest common divisor of 32 and w?
32
Let f be 2 - -3*(-5)/(-20 - -5). Calculate the greatest common factor of f and 601.
1
Let d be (215/4)/((-1450)/(-1160)). What is the highest common factor of d and 36?
1
Suppose 0 = 5*v - 25, 3*l + 4*v - 2*v = 5896. Calculate the highest common divisor of l and 72.
18
Let h(y) = y**3 + 42*y**2 - 130*y - 1568. Let c be h(-44). What is the highest common factor of 1240 and c?
40
Let i = 5912 - 5470. What is the greatest common factor of 17 and i?
17
Let k(m) = m**2 + 4*m - 274. Suppose 0 = 33*o + 866 - 239. Let a be k(o). Let f be -1 - (-46 - -1*1). Calculate the highest common factor of f and a.
11
Let y be ((-141)/(-5) - 3)/(402/(-60) + 7). Suppose -3*n - 3*f = -8*n + 288, -4*f = -n + 44. Let t = n - 32. What is the highest common factor of y and t?
28
Suppose -1420*x - 93364 = -1437*x. What is the greatest common divisor of x and 4?
4
Let h be -3*(-2 + (-21)/36)/(28/112). What is the highest common factor of 3 and h?
1
Suppose -1310*t + 1306*t + y + 268 = 0, 0 = 2*t - 5*y - 116. Calculate the greatest common factor of 10914 and t.
34
Suppose i + 16 = 2*v, 26*v + 32 = 30*v - 3*i. What is the highest common factor of 492 and v?
4
Suppose 20*q + 43*q - 29547 = 0. What is the highest common factor of 335 and q?
67
Let u = -22573 + 24495. What is the greatest common divisor of 8 and u?
2
Let t(b) = 4*b**2 + 201*b + 812. Let m be t(-4). What is the greatest common factor of m and 1062?
18
Let d(v) = -v + 6. Let c(y) = -y - 1. Let u(n) = 5*c(n) + d(n). Let x be u(-1). Suppose -2*s - x*s + 486 = 0. What is the greatest common factor of 6 and s?
6
Suppose 12*k - 17*k = 5, 33 = 2*j + k. Let t(n) = -n**3 + 16*n**2 + 20*n - 43. Let c be t(j). Calculate the highest common divisor of 88 and c.
8
Let o(f) = 20 - 36 + 3*f - 36 - 13. Let k be o(24). Let v(r) = -3*r - 7. Let y be v(-7). Calculate the greatest common divisor of y and k.
7
Let g be (-2)/(-5) + (-84)/(-15). Suppose 10*m + 17*m + 162 = 0. Let k be 1 + (-1)/3 - 32/m. Calculate the highest common divisor of k and g.
6
Let c = -101 - -304. Suppose -c = -2*m + 61. What is the greatest common divisor of m and 33?
33
Suppose 0 = -4*x